+ -2)*6/9. Let o = f + -39. What is the tens digit of o?
1
Let c be 74/(-4) + 2/4. Let h be (-122)/18 - (-4)/c. What is the units digit of -2 - h - (-6)/3?
7
Let y be 1/(-3)*(0 - 9). Suppose -2*t + 11 - 5 = 0. Let s = t + y. What is the units digit of s?
6
Suppose 4*w - 2 = 2*j - 246, -640 = -5*j + 4*w. Let o = -74 + j. Suppose 4*v - o = -2. What is the units digit of v?
4
Suppose 4*p = 3*s + 20 - 155, 0 = -s - 4*p + 29. What is the units digit of s?
1
Let f be 10/(-4)*(-2 - 0). Let h = 0 + f. Suppose -2 = -h*i - 2*u - 2*u, -u - 4 = -i. What is the units digit of i?
2
Let q(t) = 9*t - 6. What is the tens digit of q(4)?
3
Let v = -17 + 57. What is the units digit of v?
0
Let j = -5 - -8. Suppose r - 11 = 3*m, j*r - m = 4*m + 29. Let y(q) = -q**2 + 10*q - 11. What is the units digit of y(r)?
5
Suppose -6*f = -19*f + 1014. What is the units digit of f?
8
Let m(y) = 19*y**2 - y - 3. What is the units digit of m(-2)?
5
What is the tens digit of (-6)/4*(-48)/(-18) + 385?
8
What is the units digit of (-6 + 0 + -3)*-1?
9
Let q(o) = -o**2 - o + 2. Let n be q(0). What is the units digit of (-2)/(2/(-16)*n)?
8
Suppose -3*o + 5*l - 2*l = -45, -5*o - 5*l = -45. Let i be (1/(-3))/(4/o). What is the units digit of 1 - i - (1 - 6)?
7
Suppose k - 4*s = 78, -2*s - 85 = -k - 5*s. What is the units digit of k?
2
Suppose -3*h = -0*h - 48. Let c = -8 + h. What is the units digit of c?
8
Suppose 7*a = 32 + 3. What is the units digit of a?
5
Let b = -60 + 417. What is the tens digit of b?
5
Let j(f) = 2*f**3 + 6*f**2 + f + 3. Let x be j(-4). Let k = -19 - x. What is the units digit of k?
4
Suppose c + c + 2 = 0, 0 = 3*w - 4*c - 148. What is the tens digit of w?
4
What is the tens digit of 12052/28 - (-12)/(-28)?
3
Let w be ((-52)/(-5))/((-1)/(-5)). Let d = w + -24. What is the tens digit of d?
2
Suppose -1 = -b - 4. Suppose -u = -4*u + 2*f + 14, -5*u - 2*f = -2. What is the units digit of (-4)/(b/12*u)?
8
Let s = -2 - -10. Suppose -4*u = -2*o - 0 + s, -4*u = -3*o + 10. Suppose -w = n - 8, -2*w - 3*n = o*n - 31. What is the units digit of w?
3
Suppose -2*y + 0 = 8, -3*m = 2*y - 199. What is the units digit of m?
9
Let j(y) be the second derivative of -y**6/360 + y**5/20 + 5*y**4/24 - y**3/6 - 2*y. Let k(b) be the second derivative of j(b). What is the units digit of k(5)?
0
Let f be (1/1)/(2/14). Suppose f - 3 = -4*w. What is the units digit of w*(0/(-3) + -3)?
3
Let l = -10 - -6. What is the tens digit of 644/63 - l/(-18)?
1
Let w be (0 - 10 - -1) + -1. What is the units digit of w/(-3) + 8/12?
4
Let j = 109 - -13. What is the tens digit of j?
2
Let q be 1/3 + (-14)/6. Let v = 6 + q. What is the units digit of (15/(-6))/((-2)/v)?
5
Suppose -4*i - y + 91 = -4*y, 0 = -5*y + 15. What is the tens digit of i?
2
Let b(g) = -3*g. Let i be b(2). Let o(n) = n**3 + 5*n**2 - 7*n + 4. What is the tens digit of o(i)?
1
Let f(y) = 2*y - 4 + y**2 + 2*y - 8*y. What is the tens digit of f(7)?
1
Let k(s) = s**3 - s**2 - s + 7. Let i be k(0). Let v be (12/i)/((-2)/(-84)). Suppose 7 = -5*h + v. What is the units digit of h?
3
Suppose 218 = 5*u - 3*t, 3*u = -2*u - t + 214. What is the units digit of u?
3
Let t(a) = -3*a - 2. Suppose k + 5*p - 8 = 3*p, -5*k + 15 = 5*p. Let b be t(k). Suppose b*l = -d + l + 24, -3*d + 2*l = -50. What is the tens digit of d?
1
Let i(d) = -d**2 - 13*d - 16. What is the units digit of i(-11)?
6
Let h(y) = 9*y**2 + 2*y + 1. Suppose -1 = 3*r - 2*r. What is the units digit of h(r)?
8
Let n(a) = -a + 1. Let q(o) = -4*o + 14. Let w(r) = -3*n(r) + q(r). What is the units digit of w(10)?
1
Let o = 9 - 3. Let u = 9 - o. Let t = 3 + u. What is the units digit of t?
6
Let m = 0 - -1. Suppose m = 5*n - 24. Suppose n*t = 20 + 15. What is the units digit of t?
7
Let l(h) = -h**3 - 3*h**2 + 3*h. Let t be l(-4). Let f(a) = 8*a. Let k be f(-5). What is the units digit of t/(-18) - k/18?
2
Let i be (-2)/(-6)*(-3 + 12). Suppose 7*v - 2*v - 2*g - 130 = 0, 15 = 3*g. Suppose -4*z + v = b + i*b, z = b + 5. What is the units digit of z?
6
Suppose 0 = 4*n - 9 + 1. Let y be n/4*(-36)/1. Let w = -11 - y. What is the units digit of w?
7
Let x = 13 - -9. What is the tens digit of x?
2
Suppose -b = 4*u - 48, -4*b + 2*u + 153 = 51. What is the tens digit of b?
2
Suppose -5*i - 3*g + 41 = 0, 6 = i + g - 3. Let o(f) = -3*f + 2*f + i + 4 + 4. What is the units digit of o(8)?
7
Let l = 5 + -3. Suppose 15 = -l*r - r. Let c(t) = -t**3 - 4*t**2 + 3*t - 6. What is the units digit of c(r)?
4
Suppose 0*f = f + 1. What is the units digit of f/(-5) - 118/(-10)?
2
Let n = -48 - -51. What is the units digit of n?
3
Let w(v) = -v**2 - 6*v - 2. Let x(q) = -q**3 + 10*q**2 - 11*q + 12. Let t be x(9). Let b be w(t). What is the units digit of 4/b + 2 + 5?
5
What is the units digit of 2/5 - (-299)/65?
5
Let h = -332 + 622. What is the hundreds digit of h?
2
Let g(b) = 9*b - 6. Let w(s) = -5*s + 3. Let q(m) = -6*g(m) - 11*w(m). What is the units digit of q(7)?
0
Let n be 1 + 2 + 0 + -1. Suppose -6*r = -n*r + 3*v + 9, 3 = 4*r - v. Suppose -2*t = 5*w - 5, -3*w + r*t + 3 = t. What is the units digit of w?
1
Suppose -5*j + 4*s - 3*s - 42 = 0, j + 2*s + 15 = 0. Suppose 2*x = -0*x + 12. What is the units digit of -3*x/j - -4?
6
Suppose 0*a = 5*a + 5. Let y = a - -4. What is the units digit of y?
3
Let m = -25 - -73. Suppose 5*z - 3*z - m = 0. What is the tens digit of z?
2
Let b(v) = -v. Suppose 7*o = 2*o + 15. Let g be b(o). What is the units digit of g - (2 + (-30)/3)?
5
Let x be -2 - 1 - (7 - 3). Let p = x + 15. What is the units digit of p?
8
Let f(b) = -b + 10. Let s be f(9). Suppose s = k - 13. What is the units digit of k?
4
Suppose 0*j - 4 = j + d, -j + 4 = -3*d. What is the units digit of (-15)/(-6)*6 - j?
7
Let v = 0 + 2. Let p(n) = -1 + 7*n - 2 + n**2 + 9 + 0*n**v. What is the units digit of p(-7)?
6
Let m = 249 - 61. What is the units digit of m?
8
Let b = 2 - -2. Suppose -f + 8 = -4*d, b*f = 3*d - 26 + 71. What is the units digit of f?
2
Suppose 4*k = -2*r + 56, r - 3*k = -2*r + 48. What is the units digit of r?
0
Suppose -w - 22 = -3*w. What is the tens digit of w?
1
Suppose q - 10 = -4*q. Suppose 0 = 2*l + 3*l + q*w - 234, -3*l - w + 141 = 0. What is the tens digit of l?
4
What is the units digit of (-1)/(4/(-3 - 13))?
4
Suppose 0 = -8*v + 18*v - 950. What is the tens digit of v?
9
Let i = -52 - -25. Let h = -19 - i. What is the units digit of h?
8
Suppose 2*h + 6 = -0*h. Let y = -3 - h. Suppose -q = -0*w + 3*w - 6, y = -3*w - 3. What is the units digit of q?
9
Let b be 0*3/12*-2. Let f be b/(-1) + 6 + 1. Suppose f*j = 3*j + 24. What is the units digit of j?
6
What is the hundreds digit of 37*(-10)/1*(-11)/22?
1
Suppose 0 = 4*w - 2*w + 2*r - 56, w + 5*r = 24. What is the units digit of w?
9
Let a = -4 - -9. Suppose 2*v + 3*n + 5 = 19, -20 = -a*n. What is the tens digit of (1*-10)/(v/(-1))?
1
Suppose 2*g + g - 48 = 0. What is the units digit of 4/g - 83/(-4)?
1
Let q(i) = -2*i**3 + 2*i**2 - i - 1. Let y be q(2). Let t = -9 - y. What is the units digit of t/8 - 114/(-24)?
5
Suppose 3*c - 25 - 131 = 0. Suppose -2*o + c = 2*o. What is the tens digit of o?
1
Let a(q) be the third derivative of -q**7/2520 - 7*q**6/720 + q**5/15 + 3*q**2. Let u(v) be the third derivative of a(v). What is the units digit of u(-5)?
3
Let w = 6 - 4. Suppose z = -w*g, -3*z + 9 = -5*g - 13. Let m = 1 + z. What is the units digit of m?
5
Let y(b) = b**3 - 12*b**2 + 13*b + 11. What is the units digit of y(12)?
7
Let m(d) = d + 6. Let t(z) = z + 11. Let r(j) = -5*m(j) + 3*t(j). Let q be r(7). Let b = 15 + q. What is the units digit of b?
4
Let o(x) be the third derivative of x**4/24 - 4*x**3/3 - 3*x**2. Let z be o(10). What is the units digit of (-1)/1*(z - 7)?
5
Let l be 5*(-1 + (-7)/(-5)). Suppose -3*g + 2*k = -2*g + 2, 5*g - l*k = -2. Suppose f - 5*w = -9, g*w + 4*w - 3 = 5*f. What is the units digit of f?
1
Suppose 4*a - 1 = 19. Let o(k) = -k - 9. Let y be o(-9). Suppose y*q = -a*q + 70. What is the units digit of q?
4
Let l = -4 - -10. Let w = l - 3. Let f = w - 2. What is the units digit of f?
1
Let b(d) be the second derivative of d**5/20 + 7*d**4/12 + d**3/3 - 3*d**2/2 - 2*d. What is the units digit of b(-6)?
1
Let t(d) be the second derivative of d**5/20 + d**4/12 + 7*d**2/2 - 3*d. What is the units digit of t(0)?
7
L